 in base 7?
533445
What is 9a6285 (base 11) in base 8?
6075136
Convert 2a514 (base 12) to base 7.
335302
14231566 (base 8) to base 6
153035542
-10110101111110111010 (base 2) to base 14
-155910
49880 (base 12) to base 15
1e849
Convert -5637 (base 15) to base 4.
-10131211
What is 440231410 (base 5) in base 14?
3704d5
-4212128 (base 9) to base 5
-1034030423
Convert -20044313 (base 5) to base 9.
-262506
Convert 1375200 (base 10) to base 14.
27b248
122035 (base 9) to base 4
101332331
What is 2515a (base 11) in base 16?
8d1b
What is -321684 (base 12) in base 10?
-790660
What is -115412 (base 7) in base 9?
-31875
-11521a3 (base 12) to base 15
-460449
What is 749571 (base 12) in base 2?
111000001011111100101
What is 101023301220 (base 4) in base 9?
8425230
-11001201110 (base 3) to base 12
-3a356
What is -aa1c (base 16) in base 4?
-22220130
Convert -1047070 (base 8) to base 12.
-117360
Convert 784361 (base 9) to base 11.
2a0445
Convert 108685 (base 10) to base 5.
11434220
What is -222d9 (base 14) in base 4?
-110033113
314013024 (base 6) to base 16
540928
Convert -122200202212121 (base 3) to base 15.
-c5b58d
Convert -661a6 (base 14) to base 6.
-5144530
Convert 121641252 (base 7) to base 2.
11101001001010110001100
-2025023 (base 7) to base 4
-323002220
What is -321013003 (base 4) in base 11?
-14a828
-10011000001001000 (base 2) to base 16
-13048
Convert -11210412 (base 5) to base 7.
-566452
-26673 (base 9) to base 6
-215320
-6999c (base 14) to base 6
-5302130
71318 (base 9) to base 4
23131010
152bb (base 12) to base 13
1074b
What is 2331003210 (base 4) in base 12?
314170
What is 4322412 (base 7) in base 9?
882453
Convert -4807b (base 13) to base 10.
-131922
-10100100110011100001010 (base 2) to base 13
-1171080
4406 (base 11) to base 8
13266
Convert 1b928ab (base 13) to base 10.
9173968
140d889 (base 15) to base 3
1000020100111110
Convert -71356 (base 10) to base 9.
-117784
Convert -121423202 (base 5) to base 7.
-4621163
Convert -23b2b (base 14) to base 4.
-111103123
What is 20abc3 (base 14) in base 11?
695573
What is 55364 (base 12) in base 8?
334274
-4285036 (base 10) to base 3
-22001200222001
Convert 45135333 (base 7) to base 5.
2000031223
What is -6160247 (base 9) in base 5?
-1320143031
What is -92068 (base 12) in base 2?
-101110011011010000
What is -5e7ad7 (base 15) in base 12?
-162661a
21112202200121 (base 3) to base 12
1415037
Convert 2814550 (base 11) to base 4.
102200212323
What is -201010002020101 (base 3) in base 16?
-9affea
What is -312030101 (base 4) in base 7?
-1613066
114427 (base 8) to base 4
21210113
Convert -193285 (base 13) to base 5.
-130313010
What is 352b (base 15) in base 7?
44630
What is -7d118 (base 15) in base 10?
-398498
-1424430 (base 7) to base 15
-3ba13
Convert 3200303 (base 4) to base 10.
14387
1391684 (base 10) to base 3
2121201000212
Convert -3a67a (base 13) to base 7.
-632052
Convert -2025055 (base 6) to base 2.
-10111101011111011
What is -4249942 (base 10) in base 5?
-2041444232
Convert -336321 (base 7) to base 5.
-3403334
Convert -46633 (base 12) to base 14.
-26499
-5393d (base 16) to base 6
-11200513
Convert -336097 (base 15) to base 4.
-21112033120
Convert -1050836 (base 12) to base 14.
-5a6598
What is -31215645 (base 7) in base 9?
-4842580
What is 10011010000010001000010 (base 2) in base 4?
103100101002
What is -3635104 (base 7) in base 5?
-104302020
-672a6 (base 13) to base 4
-231231103
54168 (base 15) to base 4
1001023010
-b8749 (base 16) to base 11
-476705
What is -41443031 (base 5) in base 3?
-122110012211
-1cf8a9 (base 16) to base 15
-27787a
What is 6a8902 (base 11) in base 6?
40033451
Convert -4426a (base 13) to base 2.
-11110001001000010
What is -349073 (base 12) in base 4?
-3032110113
Convert 16562a9 (base 12) to base 9.
8571013
Convert -80ef07 (base 16) to base 5.
-4130343144
What is -100001101101111111100 (base 2) in base 12?
-4534a4
What is 398b0 (base 13) in base 11?
73399
What is 1012212000 (base 4) in base 6?
10110400
What is 1744882 (base 9) in base 5?
222142131
Convert -12210112012 (base 3) to base 14.
-2d827
What is -11732d (base 14) in base 2?
-10010001100001101101
What is 2232020012 (base 4) in base 3?
1100020100122
146236 (base 8) to base 12
26392
What is -112000201323 (base 4) in base 2?
-10110000000100001111011
-1100110110110100110100 (base 2) to base 13
-910073
Convert 54a545 (base 11) to base 8.
3262327
Convert -210202021220 (base 3) to base 11.
-272735
What is -20064152 (base 8) in base 4?
-100012201222
21334141 (base 5) to base 3
100022221122
Convert 542003230 (base 6) to base 10.
9611874
What is 58aaa19 (base 11) in base 4?
213110121123
Convert -13161774 (base 8) to base 14.
-5681d2
Convert -112212201120120 (base 3) to base 7.
-124131633
Convert -9cc28 (base 16) to base 6.
-21432344
What is -4b9e (base 16) in base 5?
-1104413
What is 185815 (base 10) in base 7?
1402510
Convert -ecd97 (base 16) to base 3.
-1211021202221
What is -123331200 (base 4) in base 7?
-654621
What is -549a467 (base 11) in base 3?
-200011011002012
10221001022001 (base 3) to base 16
1fd9b0
What is 174747a (base 15) in base 12?
58074ba
43720 (base 9) to base 2
111000101011000
What is -101122403 (base 5) in base 11?
-260857
What is -65d4d1 (base 14) in base 13?
-93cb93
4123430 (base 7) to base 11
307812
What is 6f57 (base 16) in base 2?
110111101010111
3693b (base 13) to base 5
11203221
-16355044 (base 8) to base 6
-213132432
What is -41e2e (base 16) in base 9?
-451165
What is 525454 (base 6) in base 14?
11802
Convert 230501 (base 8) to base 13.
29752
Convert 11001010100011 (base 2) to base 8.
31243
Convert 240213 (base 9) to base 11.
99639
1992303 (base 10) to base 6
110411343
What is 550401 (base 10) in base 14?
104825
98191 (base 10) to base 4
113332033
What is -2e2d61 (base 15) in base 10?
-2237266
Convert -4105130 (base 7) to base 9.
-825032
Convert 654886 (base 9) to base 7.
3215121
Convert 3023010211 (base 4) to base 5.
203104111
1316065 (base 7) to base 3
22202201201
Convert -4013041321 (base 5) to base 14.
-10a993d
Convert -32495 (base 11) to base 12.
-23371
Convert -3533430 (base 6) to base 3.
-100022210000
What is -100018 (base 10) in base 5?
-11200033
What is -1200333201 (base 4) in base 7?
-3243153
What is -1513 (base 15) in base 14?
-190a
Convert -435621 (base 14) to base 3.
-11021220120212
-412012 (base 9) to base 15
-4c56b
-acd5 (base 14) to base 16
-751b
-366402 (base 8) to base 3
-20102010110
-39419 (base 16) to base 6
-5005425
Convert -3655320 (base 7) to base 11.
-29a405
Convert 13209 (base 10) to base 5.
410314
Convert 420cbc (base 13) to base 6.
53034205
Convert -11110001101111000 (base 2) to base 10.
-123768
Convert 4403423 (base 6) to base 7.
1600062
312415305 (base 6) to base 5
2343230224
What is -361804 (base 10) in base 2?
-1011000010101001100
Convert -276b8 (base 13) to base 4.
-101333002
-ddb9 (base 16) to base 12
-28a21
Convert 34002013 (base 5) to base 4.
1020202231
Convert -121221122202220 (base 3) to base 10.
-9008088
-810358 (base 14) to base 15
-5ab64e
What is -113035403 (base 7) in base 8?
-32407010
What is -b7100 (base 13) in base 2?
-1010000011111110111
Convert 10bc3c (base 13) to base 3.
202012022200
-5f508f (base 16) to base 9
-12670573
Convert 6208840 (base 10) to base 6.
341024344
What is -1b4720 (base 12) in base 14?
-c89ba
Convert -77501 (base 9) to base 16.
-c8ec
What is -111111100111011110 (base 2) in base 13?
-917b2
31a11 (base 16) to base 8
615021
What is 100011011112210 (base 3) in base 4?
102203233320
What is -623801 (base 9) in base 4?
-1122121030
-5a90a (base 12) to base 14
-327b4
-2a246 (base 12) to base 8
-163326
Convert 331422445 (base 6) to base 14.
b11c29
-1213032100 (base 5) to base 3
-12101101021102
What is 155c4 (base 15) in base 7?
404416
What is 203113121 (base 4) in base 13?
50c1b
What is 4e2a (base 15) in base 2?
100000100110010
What is -6b416 (base 13) in base 8?
-577204
-1ab26b (base 12) to base 13
-138605
-2588797 (base 12) to base 15
-9b1a5d
85699 (base 11) to base 3
20022221110
63278 (base 12) to base 2
11111101110111100
What is -101200121122 (base 3) in base 13?
-749c9
What is -200033231 (base 4) in base 11?
-90260
-1002122001122200 (base 3) to base 10
-15747606
What is -724091 (base 10) in base 4?
-2300301323
22303013 (base 4) to base 11
30260
What